 divided by 276174?
21
Calculate the remainder when 193619 is divided by 93.
86
Calculate the remainder when 141686 is divided by 130.
116
Calculate the remainder when 69932 is divided by 112.
44
Calculate the remainder when 18586 is divided by 29.
26
Calculate the remainder when 17075 is divided by 3411.
20
What is the remainder when 4075 is divided by 505?
35
Calculate the remainder when 253423 is divided by 48.
31
Calculate the remainder when 2151 is divided by 467.
283
Calculate the remainder when 2776 is divided by 2759.
17
Calculate the remainder when 4237 is divided by 7.
2
Calculate the remainder when 757 is divided by 148.
17
Calculate the remainder when 87658 is divided by 368.
74
What is the remainder when 462746 is divided by 231368?
10
What is the remainder when 1115 is divided by 91?
23
What is the remainder when 158390 is divided by 399?
386
Calculate the remainder when 14423 is divided by 195.
188
What is the remainder when 19144 is divided by 1913?
14
Calculate the remainder when 111495 is divided by 202.
193
Calculate the remainder when 4461 is divided by 30.
21
Calculate the remainder when 60305 is divided by 1338.
95
What is the remainder when 2595 is divided by 350?
145
What is the remainder when 26441 is divided by 31?
29
What is the remainder when 1968185 is divided by 726?
725
Calculate the remainder when 24217 is divided by 4842.
7
What is the remainder when 296029 is divided by 352?
349
Calculate the remainder when 992434 is divided by 1869.
1864
What is the remainder when 16733 is divided by 20?
13
Calculate the remainder when 27425 is divided by 1196.
1113
Calculate the remainder when 111012 is divided by 3265.
2
What is the remainder when 2300 is divided by 712?
164
What is the remainder when 5330 is divided by 113?
19
Calculate the remainder when 113560 is divided by 19.
16
Calculate the remainder when 1259586 is divided by 44.
42
Calculate the remainder when 4893 is divided by 122.
13
What is the remainder when 995904 is divided by 16?
0
Calculate the remainder when 62674 is divided by 154.
150
Calculate the remainder when 20508 is divided by 5127.
0
What is the remainder when 45977 is divided by 15311?
44
Calculate the remainder when 2130 is divided by 509.
94
What is the remainder when 1839 is divided by 380?
319
What is the remainder when 72721 is divided by 4843?
76
What is the remainder when 332944 is divided by 197?
14
What is the remainder when 110637 is divided by 55309?
19
Calculate the remainder when 42633 is divided by 10656.
9
What is the remainder when 95112 is divided by 726?
6
Calculate the remainder when 638 is divided by 89.
15
Calculate the remainder when 27646 is divided by 1623.
55
Calculate the remainder when 335700 is divided by 92.
84
Calculate the remainder when 105269 is divided by 481.
411
What is the remainder when 4479 is divided by 26?
7
What is the remainder when 12574 is divided by 6287?
0
What is the remainder when 84775 is divided by 367?
365
What is the remainder when 6062 is divided by 1344?
686
Calculate the remainder when 61728 is divided by 694.
656
What is the remainder when 133268 is divided by 67?
5
Calculate the remainder when 1464 is divided by 487.
3
What is the remainder when 316647 is divided by 50?
47
What is the remainder when 6587 is divided by 167?
74
Calculate the remainder when 1499 is divided by 470.
89
Calculate the remainder when 952 is divided by 310.
22
Calculate the remainder when 4349763 is divided by 41.
32
What is the remainder when 2106 is divided by 229?
45
Calculate the remainder when 34084 is divided by 62.
46
What is the remainder when 160229 is divided by 171?
2
What is the remainder when 324787 is divided by 36?
31
Calculate the remainder when 1199013 is divided by 42.
39
What is the remainder when 15945 is divided by 1896?
777
Calculate the remainder when 172827 is divided by 53.
47
Calculate the remainder when 13504 is divided by 6745.
14
Calculate the remainder when 1438 is divided by 245.
213
What is the remainder when 1577504 is divided by 47?
43
Calculate the remainder when 25349 is divided by 8171.
836
Calculate the remainder when 203420 is divided by 1627.
45
What is the remainder when 58967 is divided by 28?
27
Calculate the remainder when 116703 is divided by 53.
50
Calculate the remainder when 47684 is divided by 48.
20
Calculate the remainder when 1778 is divided by 1767.
11
What is the remainder when 17676 is divided by 981?
18
Calculate the remainder when 58439 is divided by 33.
29
What is the remainder when 100033 is divided by 3126?
1
What is the remainder when 103339 is divided by 541?
8
What is the remainder when 2796 is divided by 2791?
5
Calculate the remainder when 328 is divided by 2.
0
What is the remainder when 399190 is divided by 66531?
4
What is the remainder when 1852 is divided by 15?
7
What is the remainder when 33486 is divided by 4741?
299
What is the remainder when 591 is divided by 43?
32
Calculate the remainder when 61571 is divided by 540.
11
Calculate the remainder when 20286 is divided by 62.
12
Calculate the remainder when 23528 is divided by 2834.
856
What is the remainder when 20761 is divided by 6919?
4
Calculate the remainder when 548585 is divided by 247.
245
What is the remainder when 11676 is divided by 18?
12
What is the remainder when 41233 is divided by 52?
49
Calculate the remainder when 85784 is divided by 159.
83
What is the remainder when 1544053 is divided by 20?
13
Calculate the remainder when 2311 is divided by 1145.
21
Calculate the remainder when 2385 is divided by 1170.
45
What is the remainder when 1509 is divided by 347?
121
What is the remainder when 139160 is divided by 710?
0
What is the remainder when 2809 is divided by 356?
317
What is the remainder when 188548 is divided by 2072?
2068
What is the remainder when 833403 is divided by 143?
142
What is the remainder when 710701 is divided by 64608?
13
What is the remainder when 7277 is divided by 7?
4
Calculate the remainder when 772245 is divided by 35.
5
What is the remainder when 102269 is divided by 37?
1
Calculate the remainder when 5739 is divided by 58.
55
What is the remainder when 322 is divided by 1?
0
What is the remainder when 382948 is divided by 575?
573
Calculate the remainder when 25457541 is divided by 168.
165
Calculate the remainder when 20147 is divided by 4608.
1715
What is the remainder when 30024 is divided by 9994?
42
What is the remainder when 9158 is divided by 8?
6
What is the remainder when 5902 is divided by 15?
7
Calculate the remainder when 22305 is divided by 13.
10
What is the remainder when 2031 is divided by 25?
6
Calculate the remainder when 4208 is divided by 19.
9
Calculate the remainder when 8666 is divided by 9.
8
What is the remainder when 10990 is divided by 5483?
24
What is the remainder when 506157 is divided by 37?
34
What is the remainder when 109652 is divided by 393?
5
Calculate the remainder when 26786 is divided by 26778.
8
What is the remainder when 937 is divided by 935?
2
What is the remainder when 30499 is divided by 61?
60
Calculate the remainder when 4131 is divided by 1352.
75
Calculate the remainder when 1959 is divided by 788.
383
What is the remainder when 1642792 is divided by 251?
248
Calculate the remainder when 14474 is divided by 124.
90
What is the remainder when 357 is divided by 346?
11
What is the remainder when 45346 is divided by 101?
98
What is the remainder when 41001 is divided by 49?
37
Calculate the remainder when 1109 is divided by 1019.
90
What is the remainder when 36472 is divided by 64?
56
Calculate the remainder when 170363 is divided by 42582.
35
What is the remainder when 27651 is divided by 8964?
759
What is the remainder when 372554 is divided by 703?
667
Calculate the remainder when 366331 is divided by 190.
11
Calculate the remainder when 75814 is divided by 351.
349
What is the remainder when 5234 is divided by 134?
8
Calculate the remainder when 11908 is divided by 1863.
730
What is the remainder when 31687 is divided by 1661?
128
Calculate the remainder when 216571 is divided by 32.
27
Calculate the remainder when 27802 is divided by 366.
352
Calculate the remainder when 3044 is divided by 521.
439
What is the remainder when 201164 is divid